-25*p. Let d be b(-3). Calculate the highest common factor of t and d.
15
Suppose 4*q - 2*f - 14 = -0*f, -15 = 5*f. Suppose -11 = -q*c + 13. Calculate the highest common factor of c and 36.
12
Let n be (-1)/(-3)*(-3 + 99). Calculate the highest common divisor of n and 8.
8
Suppose 2*r = 50 + 94. Calculate the highest common divisor of r and 8.
8
Let o be (1/1)/(7/616). Calculate the greatest common divisor of o and 8.
8
Suppose -3*z = n - 37 + 13, -5*n - 5*z + 80 = 0. Calculate the highest common factor of n and 3.
3
Let a be 0 + (5*2 - 1). Let z = -51 - -66. Let d = z - a. Calculate the highest common factor of 24 and d.
6
Let y(b) = -b**3 + 4*b**2 + 9*b - 11. Let h be y(4). Calculate the highest common factor of 225 and h.
25
Let q = 2 + 2. Suppose 35 + 13 = q*z. Calculate the greatest common factor of z and 48.
12
Let q be (-15 + -1)/(0 - 1). Suppose 0 = 5*s - 3*s, 4*u - s = 64. Calculate the highest common divisor of u and q.
16
Let v(c) = -c**2 + 7*c - 3. Let a be v(5). Let s(b) = b - 4. Let l be s(5). Calculate the greatest common factor of a and l.
1
Let o = -9 + 13. Suppose -w + 75 = o*w. Calculate the greatest common divisor of w and 120.
15
Suppose 0 = -5*b + t + 426, -3*b + t + 257 = -t. What is the greatest common divisor of b and 17?
17
Let w be (-6)/9 + (-1)/((-15)/970). What is the highest common factor of 8 and w?
8
Suppose 0 = 2*z - 0*z - 4. Let u = 6 - z. What is the greatest common divisor of u and 16?
4
Let f(r) = r**2 - 6*r + 10. Let n be f(7). Suppose -5*x + 2 = 2*d, 5*d - n - 11 = -x. Calculate the greatest common factor of 24 and d.
6
Let m(c) = c + 19. Let n be m(-18). Calculate the greatest common factor of n and 14.
1
Let r be (-13 + 7)*(-2 + -6). Suppose -5*c + 109 = 29. What is the greatest common factor of r and c?
16
Let t = -8 + -12. Let c be 228/15 + (-16)/t. Calculate the greatest common divisor of 2 and c.
2
Let x(b) = -2*b - 1. Let r be x(-11). Let w = r - -18. Calculate the highest common divisor of w and 26.
13
Let o = -29 - -59. Calculate the highest common factor of 45 and o.
15
Suppose 15 = m - 33. Let w = -30 + m. What is the highest common factor of 54 and w?
18
Suppose -50 = 2*j - 3*j. Calculate the greatest common factor of 10 and j.
10
Suppose u - 26 - 166 = 0. Calculate the highest common divisor of 24 and u.
24
Suppose 0*p = p - 12. Let k(b) = 5*b**2 - 3*b - 2. Let l be k(5). What is the greatest common divisor of l and p?
12
Suppose -4*k + 2*v + 2*v = -16, -2*k = -v - 10. What is the highest common divisor of k and 30?
6
Let h = 62 - 46. What is the highest common factor of h and 24?
8
Suppose 4*r + 100 = n + n, 5*n - 206 = -r. What is the highest common divisor of 28 and n?
14
Let q(r) = r**3 + 4*r**2 + r + 5. Let l be q(-4). Calculate the greatest common factor of l and 4.
1
Suppose -32 = -9*x + 5*x + 4*r, -3*x = -4*r - 29. What is the highest common factor of x and 6?
3
Let n = 29 - 8. What is the highest common factor of n and 3?
3
Let z = 15 - 2. What is the greatest common factor of 26 and z?
13
Let s(o) = o**3 + o**2 + o + 2. Let g be s(0). Let b = -2 + 3. Calculate the highest common factor of b and g.
1
Let w = 11 + -5. Let i be (-5 + 4)/(1 + -2). Suppose q = 13 - i. Calculate the greatest common factor of w and q.
6
Let o be 3/((-54)/(-36) + (0 - 0)). Let w(p) = -p**3 - 6*p**2 + p + 3. Let j be w(-7). Suppose -5*z + j = -65. What is the highest common factor of z and o?
2
Let x(i) = i**2 + 11*i + 21. Let z be x(-9). What is the greatest common factor of z and 9?
3
Suppose -2*o + 0*s - s = -14, -5*s = -2*o + 14. What is the highest common divisor of 35 and o?
7
Let o = 103 - 45. Let m = o - 34. Let r(j) = 8*j - 2. Let k be r(1). What is the highest common factor of m and k?
6
Let m(y) = 2*y - 2. Let z = -9 + 2. Let a be -4 - z - (-2 + 1). Let l be m(a). Calculate the greatest common divisor of l and 48.
6
Let k(u) = -u**3 - 23*u**2 - 24*u - 19. Let j be k(-22). Suppose -4*t - 76 = 2*c - 434, -3*t - 694 = -4*c. Calculate the highest common divisor of c and j.
25
Suppose 4*q - 27 = 5*u - 0, -4*q = 4*u. Let z be -36*((-30)/9 + q). Suppose 0 = -3*w - w + 96. Calculate the greatest common factor of z and w.
12
Let d be 7 + -1 - ((0 - 0) + 1). Calculate the highest common divisor of d and 45.
5
Let p = -147 + 177. What is the greatest common factor of 135 and p?
15
Let x(k) = -9*k. Let t be x(-1). What is the greatest common factor of t and 81?
9
Let d = 135 - 47. Suppose -3*s + d = 4*x, 5*s - 205 = x - 43. What is the highest common factor of 48 and s?
16
Suppose 3*d + 63 = 1020. Calculate the highest common factor of d and 29.
29
Suppose 5*l + 333 = 1013. Let w = 220 - l. Suppose -5*s + 0 = 4*a - 76, -20 = -s - 2*a. Calculate the highest common factor of w and s.
12
Suppose 3*k - 4 - 8 = 0, o - 10 = -2*k. Suppose 0*l + 98 = o*l. Calculate the greatest common factor of 7 and l.
7
Suppose -3*q = -2*k - 54, 3*k = 2*k. Let a be 10/6*3 - 1. Suppose -2*x = a*o - 220, x = -3*o - o + 218. Calculate the greatest common divisor of o and q.
18
Let j be (3/(-5))/((-12)/(-60)). Let q be (-4)/12 + (-271)/j. Calculate the greatest common divisor of 9 and q.
9
Suppose 0*v - 4*q - 38 = -2*v, -5*q = 5*v - 50. What is the highest common divisor of 13 and v?
13
Let a be -24*(-1 - 7/(-4)). Let n be 544/18 - (-4)/a. Calculate the highest common factor of 6 and n.
6
Let w(n) = 3*n**2 + 7*n + 4. Let y be w(6). Suppose 2*h - h - 5*x - 9 = 0, 4*h - 55 = x. What is the highest common factor of y and h?
14
Suppose 2*v + 3*v = 1375. What is the highest common factor of 25 and v?
25
Let x = 11 + -5. Suppose -x*i - 24 = -2*i. Let o(n) = -n - 1. Let v be o(i). What is the highest common factor of 15 and v?
5
Let a = -1 + 2. Let w(t) = 9*t**3 - 2*t**2 + 1. Let j be w(a). Suppose -72 = -5*v + j. What is the highest common divisor of 176 and v?
16
Let b(y) = y**3 - 4*y**2 + 7*y - 11. Let c be b(4). Calculate the greatest common divisor of 136 and c.
17
Suppose 42 = 4*f - 58. Let u = 173 + -163. What is the greatest common divisor of f and u?
5
Let l(x) = x**3 - 4*x**2 + 4*x + 2. Let j be l(4). Suppose -2*q = 3*h - 258, 3*q - 376 = 4*h - 3*h. What is the highest common factor of q and j?
18
Let o(f) = f**3 + 4*f**2 - 2*f + 2. Suppose -4*q = 20 - 4. Let x be o(q). Let p(n) = -4*n + 6. Let c be p(-1). What is the greatest common divisor of x and c?
10
Let n(b) = 18*b - 2. Let p be n(5). What is the highest common divisor of 8 and p?
8
Let i(b) = 2 - 6 + 3*b + 0. Let t be i(6). What is the greatest common divisor of 21 and t?
7
Suppose 4*l + 3*d = 1274, -5*d + 1423 = 5*l - 167. Calculate the highest common divisor of l and 64.
64
Let l = -10 + 17. Let o = l - -2. What is the greatest common divisor of 99 and o?
9
Suppose -4*f + 7*f - 49 = -5*m, -3*m + 32 = 2*f. Suppose -d = q - 11, 4*q + q + 75 = 5*d. Calculate the highest common divisor of f and d.
13
Let n be 4/(-6) - (-2200)/33. What is the highest common factor of 6 and n?
6
Suppose 3*m - 16 = o - 3*o, -2*o = -m. Suppose -a = -5*a + 112. Calculate the highest common divisor of m and a.
4
Suppose -2*h = 3*h - 40. Let g be 246/12 - (-2)/(-4). Calculate the greatest common divisor of h and g.
4
Let g(c) = 46*c**2 - 1. Let v be g(1). Suppose -5*u + 5 = -v. Calculate the greatest common divisor of u and 110.
10
Let f(s) = 2*s**2 - s - 5. Suppose 2*c = 0, 10 = -4*i + 3*c + 42. Let u be f(i). What is the greatest common divisor of 23 and u?
23
Let g be 169 - (8/(-2))/2. Let d(a) = a**3 + 3*a**2 + 2*a + 1. Let t be d(-1). Let f be (-3 - -4)*19/t. Calculate the highest common factor of f and g.
19
Let s = -121 - -137. What is the highest common divisor of 144 and s?
16
Let g = -41 - -88. Let a = g + -20. Suppose -3*j + 20 + 7 = 0. Calculate the highest common factor of a and j.
9
Suppose -5*d - 5 = 2*n - 91, n - 16 = -d. Calculate the greatest common divisor of d and 144.
18
Let f be 1/(-3) - (-164)/6. Suppose 5*a + 32 = 3*o, 3*o + 2*a + 0*a = 25. Calculate the highest common divisor of o and f.
9
Let c(r) be the second derivative of -r**3/6 + 2*r**2 + 2*r. Let n be c(-8). What is the highest common factor of 120 and n?
12
Suppose 4*p + 12 = r, 2*r - 4*p + 3*p + 11 = 0. Let q = 10 + r. What is the greatest common factor of 22 and q?
2
Let m(l) = l**3 + 2*l**2 - 6*l + 5. Let u be